or of 8 and 12904?
8
Calculate the greatest common divisor of 8276451 and 3.
3
Calculate the highest common divisor of 30 and 6632490.
30
What is the highest common divisor of 5722 and 74?
2
What is the highest common divisor of 3350 and 4422?
134
What is the highest common factor of 69370 and 56?
14
What is the highest common divisor of 25 and 77025?
25
Calculate the greatest common factor of 299727 and 1647.
27
Calculate the highest common factor of 72587 and 87.
29
What is the highest common factor of 882 and 86793?
21
Calculate the highest common factor of 12 and 281800.
4
Calculate the highest common factor of 49 and 140308.
7
Calculate the greatest common divisor of 528 and 19998.
66
Calculate the highest common divisor of 1988031 and 2601.
867
What is the greatest common factor of 56322 and 974162?
2086
Calculate the highest common factor of 47677 and 278.
139
What is the greatest common divisor of 143399 and 1930?
193
Calculate the greatest common factor of 3344 and 166288.
304
What is the highest common divisor of 4 and 1666?
2
Calculate the highest common divisor of 4902 and 239080.
86
Calculate the highest common divisor of 972 and 88.
4
What is the greatest common factor of 7140 and 12635?
35
Calculate the highest common divisor of 1641 and 8587353.
1641
Calculate the highest common divisor of 3171 and 2037.
21
What is the highest common divisor of 1547452 and 2528?
316
Calculate the greatest common factor of 1438275 and 1057.
151
Calculate the highest common factor of 43617 and 11859.
201
Calculate the greatest common factor of 752 and 1432.
8
What is the highest common divisor of 8316 and 188958?
462
Calculate the greatest common factor of 425535 and 99.
33
Calculate the highest common factor of 20811 and 12.
3
What is the highest common factor of 76364 and 68?
68
Calculate the highest common factor of 55822 and 1482.
494
What is the highest common divisor of 6486 and 32844?
138
Calculate the highest common divisor of 4 and 8278.
2
What is the highest common divisor of 2212 and 275868?
316
What is the highest common divisor of 129 and 720?
3
Calculate the highest common divisor of 106 and 554698.
106
Calculate the greatest common divisor of 24 and 58464.
24
Calculate the greatest common factor of 15251 and 202.
101
What is the highest common divisor of 263320 and 13340?
580
Calculate the greatest common divisor of 122 and 322263.
61
What is the highest common divisor of 91494 and 69?
69
Calculate the greatest common divisor of 45 and 98244.
9
What is the highest common divisor of 60988 and 4108?
316
Calculate the highest common divisor of 2530 and 230.
230
Calculate the greatest common factor of 8397 and 303.
3
What is the highest common divisor of 182408 and 9815?
151
What is the highest common factor of 43 and 1002373?
43
Calculate the highest common factor of 216 and 1447119.
27
What is the greatest common factor of 5900 and 22400?
100
Calculate the highest common divisor of 7950847 and 23.
23
What is the greatest common divisor of 1570 and 18170?
10
Calculate the highest common factor of 65 and 6799.
13
What is the highest common factor of 85 and 18605?
5
Calculate the greatest common factor of 2608 and 6049256.
1304
Calculate the highest common divisor of 553 and 342702.
79
Calculate the greatest common factor of 9540 and 698540.
1060
Calculate the greatest common divisor of 1851990 and 10.
10
Calculate the greatest common factor of 18 and 16056.
18
What is the highest common divisor of 1446164 and 8?
4
Calculate the greatest common divisor of 88299 and 963.
9
Calculate the greatest common factor of 3211452 and 37.
37
What is the greatest common factor of 677 and 547693?
677
What is the highest common factor of 183912 and 115656?
1896
Calculate the highest common factor of 216 and 963306.
54
What is the greatest common divisor of 41344 and 1615?
323
Calculate the highest common factor of 2925 and 13725.
225
Calculate the greatest common factor of 7182 and 3654.
126
What is the highest common factor of 4699 and 2183?
37
What is the greatest common factor of 715 and 45890?
65
What is the greatest common factor of 8911 and 315?
7
Calculate the greatest common divisor of 5835 and 33.
3
Calculate the highest common factor of 220 and 32582.
22
What is the highest common divisor of 236 and 18821?
59
Calculate the greatest common divisor of 11352 and 5504.
344
What is the greatest common divisor of 1184796 and 63?
9
What is the greatest common factor of 1582 and 3556?
14
What is the greatest common divisor of 754 and 6162?
26
Calculate the greatest common factor of 238 and 8750.
14
What is the greatest common divisor of 5698561 and 631?
631
What is the highest common factor of 1116 and 2108?
124
Calculate the highest common factor of 3035 and 6705.
5
Calculate the highest common divisor of 257676 and 394.
394
What is the highest common factor of 342 and 1150564?
38
What is the highest common divisor of 196173 and 65178?
639
What is the greatest common divisor of 294 and 73353?
147
Calculate the highest common factor of 423708 and 51.
51
Calculate the greatest common factor of 686784 and 48.
48
What is the greatest common divisor of 307 and 1613?
1
What is the greatest common divisor of 6466 and 53?
53
Calculate the highest common divisor of 411 and 84392.
137
What is the highest common factor of 70 and 202685?
35
What is the greatest common divisor of 226 and 5478692?
226
What is the highest common divisor of 1386 and 172326?
462
What is the greatest common factor of 310145 and 176?
11
What is the highest common factor of 25826 and 100512?
698
Calculate the greatest common divisor of 9492 and 49854.
42
Calculate the highest common factor of 360441 and 15191.
1381
Calculate the greatest common factor of 11 and 1195315.
11
What is the highest common factor of 3476122 and 65?
13
Calculate the greatest common factor of 14328 and 5832.
72
What is the greatest common divisor of 2018230 and 20?
10
What is the highest common factor of 34105 and 665?
95
What is the greatest common factor of 55 and 71535?
5
Calculate the greatest common divisor of 30338 and 30646.
154
Calculate the greatest common divisor of 128 and 92896.
32
What is the highest common factor of 1610244 and 36?
36
What is the greatest common divisor of 19 and 109231?
19
What is the highest common factor of 3772 and 736?
92
What is the highest common divisor of 1429 and 317?
1
Calculate the highest common factor of 174097 and 16709.
539
Calculate the greatest common divisor of 12 and 1386636.
12
What is the highest common factor of 141264 and 360?
72
Calculate the highest common factor of 255 and 3399.
3
What is the greatest common divisor of 6810454 and 6429?
2143
Calculate the highest common divisor of 238 and 10166.
34
Calculate the greatest common divisor of 27504 and 432.
144
What is the highest common factor of 74103 and 34?
17
Calculate the highest common factor of 72 and 16824.
24
What is the greatest common divisor of 1720 and 20480?
40
Calculate the greatest common factor of 91635 and 1788.
447
What is the greatest common factor of 69 and 32131?
23
Calculate the greatest common divisor of 10 and 41940.
10
Calculate the highest common factor of 1246 and 560.
14
What is the highest common factor of 71937 and 27?
9
What is the highest common divisor of 8442 and 4842?
18
What is the greatest common factor of 48965 and 7?
7
Calculate the greatest common factor of 336 and 133602.
42
Calculate the greatest common divisor of 8125 and 26.
13
Calculate the greatest common divisor of 7161642 and 54.
54
What is the greatest common divisor of 729 and 132984?
9
What is the greatest common factor of 27 and 15939?
9
Calculate the highest common divisor of 224 and 16208.
16
Calculate the greatest common factor of 5 and 156895.
5
Calculate the highest common factor of 2870 and 200.
10
What is the highest common divisor of 50952 and 957?
33
What is the highest common divisor of 2701501 and 22?
11
Calculate the highest common factor of 627 and 1824.
57
Calculate the greatest common divisor of 22592 and 19415.
353
What is the highest common factor of 518178 and 938?
134
Calculate the greatest common divisor of 338180 and 1036.
148
Calculate the highest common divisor of 780949 and 1